{"id":16,"date":"2012-08-25T08:59:39","date_gmt":"2012-08-25T06:59:39","guid":{"rendered":"http:\/\/okt6.noblogs.org\/?page_id=16"},"modified":"2012-10-04T18:49:37","modified_gmt":"2012-10-04T16:49:37","slug":"unterstutzer_innen","status":"publish","type":"page","link":"https:\/\/okt6.noblogs.org\/?page_id=16","title":{"rendered":"Unterst\u00fctzer_innen"},"content":{"rendered":"<p><strong>Aufrufende Gruppen<\/strong>:<br \/>\n<a href=\"http:\/\/avrupadgh.com\/German\/\" target=\"_blank\">ADGH Hamm<\/a><br \/>\n<a title=\"Antifaschistische Aktion Hamm\" href=\"https:\/\/aah.noblogs.org\/\" target=\"_blank\">Antifaschistische Aktion Hamm<\/a><br \/>\n<a title=\"Bezirkssch\u00fclerInnenvertretung Hamm\" href=\"http:\/\/haekelclub590.de\/\" target=\"_blank\">Bezirkssch\u00fclerInnenvertretung Hamm<\/a><br \/>\n<a href=\"http:\/\/www.dgb-jugend.de\/\" target=\"_blank\">DGB Jugend Hamm<\/a><br \/>\n<a title=\"Gr\u00fcne Jugend Hamm\" href=\"http:\/\/www.gruene-jugend-hamm.de\/\" target=\"_blank\">Gr\u00fcne Jugend Hamm<\/a><br \/>\n<a title=\"Linksjugend ['solid] Hamm\" href=\"http:\/\/www.dielinke-hamm.de\/nc\/solid\/\" target=\"_blank\">Jusos Hamm<\/a><br \/>\n<a title=\"Linksjugend ['solid] Hamm\" href=\"http:\/\/www.dielinke-hamm.de\/nc\/solid\/\" target=\"_blank\">Linksjugend [&#8217;solid] Hamm<\/a><br \/>\n<a href=\"http:\/\/www.falken-hamm-unna.de\/\" target=\"_blank\">SJD &#8211; Die Falken Hamm<\/a><\/p>\n<p><strong>Unterst\u00fctzer_innen:<\/strong><\/p>\n<p><em><\/em><em>Antifa &amp; Autonome Gruppen:<\/em><br \/>\n<a href=\"http:\/\/antifaunited.blogsport.de\/\" target=\"_blank\">Antifa UNited<\/a><br \/>\n<a href=\"http:\/\/antifalinkemuenster.blogsport.de\/\" target=\"_blank\">Antifaschistische Linke M\u00fcnster<\/a><br \/>\n<a href=\"http:\/\/antifarheine.blogsport.de\/\" target=\"_blank\">Autonome Antifa Rheine<\/a><br \/>\n<a href=\"http:\/\/antifaemsdetten.blogsport.de\/\" target=\"_blank\">Autonome Antifa Emsdetten<\/a><\/p>\n<p><em>Organisationen \/ Parteien \/ Projekte \/ Verb\u00e4nde:<\/em><br \/>\n<a href=\"http:\/\/www.gruene-hamm.de\/\" target=\"_blank\">B\u00fcndnis 90\/Die Gr\u00fcnen \u2013 Kreisverband Hamm\/Westf.<\/a><br \/>\n<a href=\"http:\/\/www.dielinke-hamm.de\/\" target=\"_blank\">Die Linke \u2013 Kreisverband Hamm<\/a><em><br \/>\n<\/em><a href=\"https:\/\/okt1.noblogs.org\/aufruf\/www.linksfraktion-hamm.de\" target=\"_blank\">Die Linksfraktion Hamm<\/a><a href=\"http:\/\/gj-nrw.de\/\" target=\"_blank\"><br \/>\n<\/a><a href=\"http:\/\/gj-nrw.de\/\" target=\"_blank\">Gr\u00fcne Jugend NRW<\/a><em><br \/>\n<\/em><a href=\"http:\/\/www.hammspd.de\/\" target=\"_blank\">HammSPD<\/a><em><br \/>\n<\/em><a href=\"http:\/\/www.linksjugend-solid-nrw.de\/\" target=\"_blank\">Linksjugend [&#8217;solid] NRW<\/a><br \/>\n<a href=\"http:\/\/www.nrwjusos.de\/html\/-1\/welcome\/index.html\" target=\"_blank\">NRW Jusos<\/a><\/p>\n<p><em>Einzelpersonen:<\/em><br \/>\n<a href=\"https:\/\/okt1.noblogs.org\/aufruf\/www.hammspd.de\" target=\"_blank\">Monika Simsh\u00e4user, B\u00fcrgermeisterin der Stadt Hamm<\/a><\/p>\n","protected":false},"excerpt":{"rendered":"<p>Aufrufende Gruppen: ADGH Hamm Antifaschistische Aktion Hamm Bezirkssch\u00fclerInnenvertretung Hamm DGB Jugend Hamm Gr\u00fcne Jugend Hamm Jusos Hamm Linksjugend [&#8217;solid] Hamm SJD &#8211; Die Falken Hamm Unterst\u00fctzer_innen: Antifa &amp; Autonome Gruppen: Antifa UNited Antifaschistische Linke M\u00fcnster Autonome Antifa Rheine Autonome Antifa &hellip; <a href=\"https:\/\/okt6.noblogs.org\/?page_id=16\">Weiterlesen <span class=\"meta-nav\">&rarr;<\/span><\/a><\/p>\n","protected":false},"author":1605,"featured_media":0,"parent":11,"menu_order":0,"comment_status":"closed","ping_status":"open","template":"","meta":{"footnotes":""},"class_list":["post-16","page","type-page","status-publish","hentry"],"_links":{"self":[{"href":"https:\/\/okt6.noblogs.org\/index.php?rest_route=\/wp\/v2\/pages\/16","targetHints":{"allow":["GET"]}}],"collection":[{"href":"https:\/\/okt6.noblogs.org\/index.php?rest_route=\/wp\/v2\/pages"}],"about":[{"href":"https:\/\/okt6.noblogs.org\/index.php?rest_route=\/wp\/v2\/types\/page"}],"author":[{"embeddable":true,"href":"https:\/\/okt6.noblogs.org\/index.php?rest_route=\/wp\/v2\/users\/1605"}],"replies":[{"embeddable":true,"href":"https:\/\/okt6.noblogs.org\/index.php?rest_route=%2Fwp%2Fv2%2Fcomments&post=16"}],"version-history":[{"count":4,"href":"https:\/\/okt6.noblogs.org\/index.php?rest_route=\/wp\/v2\/pages\/16\/revisions"}],"predecessor-version":[{"id":105,"href":"https:\/\/okt6.noblogs.org\/index.php?rest_route=\/wp\/v2\/pages\/16\/revisions\/105"}],"up":[{"embeddable":true,"href":"https:\/\/okt6.noblogs.org\/index.php?rest_route=\/wp\/v2\/pages\/11"}],"wp:attachment":[{"href":"https:\/\/okt6.noblogs.org\/index.php?rest_route=%2Fwp%2Fv2%2Fmedia&parent=16"}],"curies":[{"name":"wp","href":"https:\/\/api.w.org\/{rel}","templated":true}]}}